
List the prime factors of 497325.
3, 5, 19, 349
List the prime factors of 1387733.
1387733
List the prime factors of 1018740.
2, 3, 5, 16979
What are the prime factors of 5718606?
2, 3, 89, 10709
List the prime factors of 5812710.
2, 3, 5, 193757
List the prime factors of 25721.
17, 89
What are the prime factors of 10618740?
2, 3, 5, 11, 31, 173
What are the prime factors of 887994?
2, 3, 49333
What are the prime factors of 6546483?
3, 139, 5233
What are the prime factors of 1507193?
43, 35051
What are the prime factors of 3959041?
31, 127711
What are the prime factors of 247558?
2, 41, 3019
What are the prime factors of 579763?
579763
List the prime factors of 7700798.
2, 7, 59, 9323
What are the prime factors of 1342143?
3, 11, 4519
What are the prime factors of 2842507?
167, 17021
What are the prime factors of 2207156?
2, 7, 11261
What are the prime factors of 5408989?
5408989
What are the prime factors of 24475630?
2, 5, 1109, 2207
List the prime factors of 456270.
2, 3, 5, 67, 227
List the prime factors of 541919.
7, 77417
List the prime factors of 285697.
285697
What are the prime factors of 448263?
3, 49807
What are the prime factors of 71471?
71471
What are the prime factors of 5987368?
2, 617, 1213
What are the prime factors of 299780?
2, 5, 13, 1153
What are the prime factors of 2085917?
17, 122701
List the prime factors of 9767359.
7, 1395337
List the prime factors of 2350138.
2, 7, 23981
What are the prime factors of 934324?
2, 37, 59, 107
List the prime factors of 2042083.
2042083
What are the prime factors of 238728?
2, 3, 7, 29
What are the prime factors of 116225?
5, 4649
List the prime factors of 402883.
13, 17, 1823
List the prime factors of 11017302.
2, 3, 19, 96643
What are the prime factors of 361078?
2, 180539
List the prime factors of 1561302.
2, 3, 29, 997
What are the prime factors of 81163?
81163
What are the prime factors of 470597?
470597
What are the prime factors of 4126713?
3, 1375571
List the prime factors of 1554910.
2, 5, 7, 97, 229
List the prime factors of 4561712.
2, 17, 31, 541
What are the prime factors of 235291?
7, 33613
What are the prime factors of 1560333?
3, 520111
What are the prime factors of 567413?
7, 11, 7369
List the prime factors of 86140.
2, 5, 59, 73
List the prime factors of 80772.
2, 3, 53, 127
What are the prime factors of 93985?
5, 18797
What are the prime factors of 12441226?
2, 7, 888659
List the prime factors of 951426.
2, 3, 7, 839
What are the prime factors of 23792273?
23792273
List the prime factors of 1891534.
2, 945767
What are the prime factors of 210536?
2, 26317
What are the prime factors of 325271?
325271
List the prime factors of 52465.
5, 7, 1499
What are the prime factors of 277281?
3, 30809
List the prime factors of 1193883.
3, 167, 2383
List the prime factors of 907544.
2, 11, 10313
List the prime factors of 179021.
179021
List the prime factors of 1217779.
139, 8761
List the prime factors of 85932.
2, 3, 7, 11, 31
What are the prime factors of 1210399?
1210399
What are the prime factors of 2085961?
229, 9109
What are the prime factors of 1426283?
17, 53, 1583
List the prime factors of 20702741.
20702741
What are the prime factors of 806055?
3, 5, 17, 29, 109
What are the prime factors of 213916?
2, 53479
What are the prime factors of 28999991?
28999991
What are the prime factors of 506514?
2, 3, 29, 41, 71
List the prime factors of 8236164.
2, 3, 59, 11633
List the prime factors of 1368399.
3, 19, 24007
List the prime factors of 14220540.
2, 3, 5, 199, 397
What are the prime factors of 540320?
2, 5, 11, 307
What are the prime factors of 1894135?
5, 29, 13063
What are the prime factors of 7812239?
7812239
List the prime factors of 406943.
373, 1091
List the prime factors of 2104425.
3, 5, 47, 199
List the prime factors of 13238499.
3, 53, 139, 599
List the prime factors of 700156.
2, 175039
What are the prime factors of 492946?
2, 246473
What are the prime factors of 612087?
3, 7, 29147
List the prime factors of 504472.
2, 63059
List the prime factors of 293720.
2, 5, 7, 1049
What are the prime factors of 201458?
2, 263, 383
What are the prime factors of 1963112?
2, 245389
List the prime factors of 563054.
2, 281527
List the prime factors of 547691.
43, 47, 271
List the prime factors of 2914537.
23, 126719
What are the prime factors of 2546281?
2546281
What are the prime factors of 683063?
101, 6763
What are the prime factors of 3858966?
2, 3, 17, 12611
What are the prime factors of 119669?
11, 23, 43
What are the prime factors of 226030?
2, 5, 7, 3229
List the prime factors of 711417.
3, 7, 19, 1783
List the prime factors of 800458.
2, 29, 37, 373
List the prime factors of 6526185.
3, 5, 47, 9257
What are the prime factors of 171428?
2, 17, 2521
List the prime factors of 22805638.
2, 73, 181, 863
What are the prime factors of 940151?
17, 29, 1907
What are the prime factors of 26409868?
2, 6602467
List the prime factors of 35031045.
3, 5, 7, 37, 71, 127
List the prime factors of 3797297.
7, 41, 101, 131
What are the prime factors of 25589092?
2, 6397273
What are the prime factors of 2580609?
3, 157, 5479
List the prime factors of 105687.
3, 11743
List the prime factors of 112824.
2, 3, 1567
List the prime factors of 8455107.
3, 2818369
What are the prime factors of 514439?
139, 3701
What are the prime factors of 437802?
2, 3, 131, 557
What are the prime factors of 23661975?
3, 5, 315493
What are the prime factors of 109321?
109321
List the prime factors of 1085930.
2, 5, 31, 113
What are the prime factors of 434916?
2, 3, 4027
What are the prime factors of 21418956?
2, 3, 13, 45767
What are the prime factors of 6388283?
11, 271, 2143
List the prime factors of 299423.
41, 67, 109
What are the prime factors of 427951?
427951
List the prime factors of 23215770.
2, 3, 5, 257953
List the prime factors of 82998.
2, 3, 29, 53
What are the prime factors of 17972855?
5, 251, 14321
What are the prime factors of 5970943?
11, 271, 2003
What are the prime factors of 5177171?
331, 15641
List the prime factors of 10822353.
3, 17, 212203
List the prime factors of 387584.
2, 757
List the prime factors of 8186383.
43, 61, 3121
List the prime factors of 214052.
2, 59, 907
List the prime factors of 781078.
2, 390539
List the prime factors of 1647670.
2, 5, 164767
List the prime factors of 13804813.
11, 1254983
What are the prime factors of 28358099?
7, 11, 368287
List the prime factors of 364502.
2, 59, 3089
What are the prime factors of 34712688?
2, 3, 723181
What are the prime factors of 1272946?
2, 636473
List the prime factors of 1987927.
197, 10091
What are the prime factors of 23584072?
2, 2948009
What are the prime factors of 49097?
29, 1693
What are the prime factors of 1086742?
2, 17, 31963
List the prime factors of 24917895.
3, 5, 184577
What are the prime factors of 4781641?
17, 281273
List the prime factors of 13761827.
1823, 7549
List the prime factors of 13025589.
3, 71, 61153
What are the prime factors of 11525679?
3, 11, 151, 257
List the prime factors of 4239027.
3, 13, 929
List the prime factors of 620357.
139, 4463
List the prime factors of 6868415.
5, 1373683
What are the prime factors of 99743?
7, 14249
What are the prime factors of 310674?
2, 3, 7, 13, 569
What are the prime factors of 9657?
3, 29, 37
What are the prime factors of 542863?
619, 877
List the prime factors of 1217237.
7, 173891
What are the prime factors of 1160961?
3, 386987
List the prime factors of 6206232.
2, 3, 29, 37, 241
List the prime factors of 3493291.
3493291
List the prime factors of 463175.
5, 97, 191
List the prime factors of 574485.
3, 5, 38299
What are the prime factors of 22854206?
2, 431, 26513
What are the prime factors of 323005?
5, 64601
List the prime factors of 38437.
7, 17, 19
List the prime factors of 4538110.
2, 5, 89, 5099
List the prime factors of 4551220.
2, 5, 227561
What are the prime factors of 2792191?
2792191
What are the prime factors of 690479?
19, 36341
What are the prime factors of 796394?
2, 233, 1709
What are the prime factors of 2536503?
3, 727, 1163
List the prime factors of 559994.
2, 211, 1327
List the prime factors of 178531.
178531
What are the prime factors of 45861385?
5, 71, 129187
What are the prime factors of 1913024?
2, 71, 421
What are the prime